1810 is divided by y?
8
Suppose -4*m = 3*z - 855, -46*z + 1130 = 5*m - 51*z. What is the remainder when 1543 is divided by m?
10
Let d(v) = -2*v**3 + 67*v**2 - 3*v + 96. Calculate the remainder when d(7) is divided by 445.
2
Let g = 239 + -156. What is the remainder when (-4)/(-8) - ((-32750)/(-20))/(-5) is divided by g?
79
Suppose 2*p - 7*p + 30 = 0. Let u = 15 - p. Suppose 224 = 3*n + 2*f, 85*n - 83*n + f - 151 = 0. What is the remainder when n is divided by u?
6
Let s(g) = 13*g + 2. Let z be s(-3). Suppose -32 + 144 = -4*a + 2*f, 3*f = 12. Let q = a - z. Calculate the remainder when 15 is divided by q.
4
Suppose -5*p + 4*c = -271, 3*p - 145 = -2*c - 0*c. What is the remainder when 29 is divided by (-48)/10*(p + -56)?
5
Let q = -6809 - -6831. Suppose -77 = -o + 3*l, 0*o + 5*l = -2*o + 99. Calculate the remainder when o is divided by q.
18
Suppose 0 = 2*w + 3*w - 3205. Let l = w - 121. Calculate the remainder when (3/(-5)*-6)/(39/l) is divided by 27.
21
Suppose -5*m - 20 = 0, 2638 = 2*l + 5*m - 1398. What is the remainder when l is divided by 203?
201
Suppose 0 = -4*n + 3*n - 5, 2*d = 4*n + 100. Let f be (-3)/(((-315)/14)/(-15)). What is the remainder when f/7 + (-7452)/(-63) is divided by d?
38
Suppose -12*x - 84783 = -71*x. Calculate the remainder when x is divided by 90.
87
Let m = -10 - -14. Suppose l = -o + 28, -l + 2*l + 4*o - 16 = 0. Calculate the remainder when m/18 + (-6017)/(-99) is divided by l.
29
Let f = 3853 + -1020. Calculate the remainder when f is divided by 45.
43
Suppose -6578 + 1745 = -179*h. Calculate the remainder when 10070 is divided by h.
26
Suppose -31*u + 21*u = -50. Let z be ((-51)/(-9) - u) + (-52)/(-3). Suppose -z*i - 156 = -22*i. Calculate the remainder when i is divided by 7.
4
Suppose 5*k - 94 = -p, k - 3*p = 13 + 9. Let f be (-2)/8 - 58/(-8). Let r = k - f. Calculate the remainder when r is divided by 4.
0
Let j = 6228 + -4111. What is the remainder when j is divided by 85?
77
Suppose 4*l + 33*j - 34*j - 331 = 0, 2*l + 2*j = 178. What is the remainder when 3695 is divided by l?
83
Suppose 57 = 5*u + 32, -4*v + 8125 = 5*u. What is the remainder when v is divided by 78?
75
Let k(u) = -542*u - 1065. Calculate the remainder when k(-4) is divided by 363.
14
Let b = -3810 + 3835. Suppose 3*j - 649 = -247. Suppose 0 = 3*z - z - j. What is the remainder when z is divided by b?
17
Let q(z) = 5*z - 13. Let l be q(27). Let n = l + -111. Calculate the remainder when 38 is divided by n.
5
Let m = 196 - 196. Let h(x) = 13*x + 38. What is the remainder when 73 is divided by h(m)?
35
Let y be 260/(-80) - (-2)/8. Calculate the remainder when y/(-5) - (-7173)/45 is divided by 27.
25
Let x(z) be the third derivative of -1/4*z**4 + 7*z**2 + 1/60*z**5 - 11/6*z**3 + 0 + 0*z. What is the remainder when 85 is divided by x(-5)?
41
Suppose -10 = -5*y + 155. Suppose -4*b = -3*r + r - 532, -2*r = 8. What is the remainder when b is divided by y?
32
Calculate the remainder when 37/(74/389)*1*-4*-1 is divided by 78.
76
Let d(k) = -21*k + 784. Let r(a) = 8*a - 262. Let w(p) = 4*d(p) + 11*r(p). What is the remainder when w(-29) is divided by 20?
18
Let v(k) = 6*k**2 + 42*k + 7. Let t = -394 + 387. Suppose 2*g - g - 21 = -4*h, 5*g = 2*h - 27. What is the remainder when v(t) is divided by h?
1
Let s = -271 + 249. What is the remainder when 64 is divided by -1 + 2 - s - (-36)/18?
14
Let n(f) be the first derivative of -27*f**2 - 36*f - 31. What is the remainder when 210 is divided by n(-2)?
66
Let w = 438 + -436. Let g be 0/((7 + -1)/3). Suppose 3*p + 5*h - 18 = g, p - h + 3 - 1 = 0. What is the remainder when w is divided by p?
0
Let y(l) = -l**2 + 20*l - 36. Let v = 32 - 27. Suppose v*h = -10*h + 255. Calculate the remainder when 71 is divided by y(h).
11
Let o(q) = -q**2 - 10*q + 8. Let a be o(-8). Suppose 2*v + a = x - 2*v, 2*v + 6 = -x. What is the remainder when x/(-1) + -10 + 23 is divided by 6?
3
Suppose 380*f = 377*f + 993. What is the remainder when f is divided by 52?
19
Suppose 1 = -g - 3, 4*b - 5*g - 188 = 0. Suppose 0 = -26*m + b*m - 3440. Calculate the remainder when m is divided by 55.
50
Let u = 1114 - 1106. Calculate the remainder when 3894 is divided by u.
6
Suppose -37*r + 39 = -38*r + 125. Calculate the remainder when r is divided by 8.
6
Let q = -23 + 49. Let w = -16773 + 16839. Calculate the remainder when w is divided by q.
14
Suppose -4 = 10*t + 26. Let c = 6 + t. Calculate the remainder when 15 is divided by (c - (-26)/(-10)) + (-36)/(-10).
3
Let h be -2 + 0 - (-3 + -3) - 10. Let l(y) = -5*y**2 + 3*y - 2*y + 3 - y**3 - 10 + 2*y. Calculate the remainder when 52 is divided by l(h).
8
Let p = -56 - -26. Let y be (45/p)/(3/(-4)). Suppose -y*f - 58 = -4*b, 2*f + 7 = 3*b - 36. Calculate the remainder when b is divided by 8.
7
Suppose -47*c - 2*u = -51*c + 254, 5*u - 158 = -3*c. What is the remainder when 215 is divided by c?
32
Let v(l) = -394*l + 1197. What is the remainder when 11232 is divided by v(3)?
12
Suppose 0*y + 26 = 4*z - 5*y, 0 = 2*z - 5*y - 18. Suppose -z*w - 1 = -9. Suppose w*u = 5*q - 12 + 100, -5*q = 0. What is the remainder when u is divided by 9?
8
Let w(n) = 49*n**3 + 2*n**2 - 1. Let m(f) = 31*f**3 - 3*f**2 - 13*f + 16. Calculate the remainder when w(1) is divided by m(1).
19
Let g(d) = -d**2 - 13*d - 28. Suppose -14*a - 280 = 14*a. What is the remainder when 3 is divided by g(a)?
1
Let z(p) = 41*p - 3246. Calculate the remainder when 169 is divided by z(80).
33
Let l = 15790 - 15776. What is the remainder when 39870 is divided by l?
12
Let o(s) = s**3 - 3*s**2 - 3*s - 2. Let q be o(-2). Let i be 6 - (9 - 5) - q. Suppose -i*a - 57 = -2757. What is the remainder when a is divided by 38?
36
Suppose -z = -5, -o - 15*z + 361 = -14*z. Calculate the remainder when 1166 is divided by o.
98
Let v = -3591 - -3681. Calculate the remainder when 352 is divided by v.
82
Let h = 77 - 64. Suppose -h = -2*k + 5*d, 4*k + d - 14 = -d. Calculate the remainder when 5 is divided by k.
1
Suppose 3 = -5*v + 13. Suppose 5*d - 4*n = 18, 0 = -v*d + 5*n + 10 + 4. Suppose d*a + a - 114 = 0. Calculate the remainder when a is divided by 21.
17
Let g(i) = 4*i - 18. Let d(x) = -10*x + 40. Calculate the remainder when d(-3) is divided by g(9).
16
Let f(p) = -2*p**3 - 37*p**2 - 23*p - 27. Let d(n) = n**3 - 6*n**2 - 10*n + 3. Let u be d(7). What is the remainder when 629 is divided by f(u)?
62
Suppose 0*q = 6*q - 1170. Suppose q - 19 = 4*h. Suppose 4*n = 20 + h. What is the remainder when 31 is divided by n?
15
Suppose x - 1108 = -5*i, 0 = 3*i - 8*i - 4*x + 1102. What is the remainder when i is divided by 121?
101
Let g(u) = 2*u**2 + 4*u - 4. Suppose 5*k + 16 = d, -18*d = -17*d - k. Calculate the remainder when 58 is divided by g(d).
10
What is the remainder when 419 is divided by (-88)/(-32) - (-3)/12?
2
Let d = -24082 - -44204. Calculate the remainder when d is divided by 58.
54
Let h(r) = -22*r - 3. Let o = 47 + -45. Suppose -o*y - 97 = -0*l - 5*l, 0 = 3*l + 2*y - 71. What is the remainder when h(-2) is divided by l?
20
Suppose -67*b + 205*b = 1794. Let i = 71 + -47. What is the remainder when i is divided by b?
11
Let g be 9/((30/(-5))/(-6)). Calculate the remainder when 29 is divided by (2 - 0)/(g - (-1064)/(-120)).
14
Let o = 6632 + -6118. Calculate the remainder when o is divided by 43.
41
Let x = -2578288 + 2578495. Suppose 4 = 4*p + y + 2, 2*p - 6 = 2*y. Calculate the remainder when x is divided by 2/p - 38/(-2).
18
Suppose -h + 2395 = 4*q, -3*h - 22*q + 7185 = -19*q. What is the remainder when h is divided by 51?
49
Let q be (10*11/110)/((-2)/(-22)). Suppose 5*g = v + q, 2*v + 2*g + 3*g = 53. What is the remainder when 124 is divided by v?
12
Suppose -5*x = 2*l - 252, 4*l = -36*x + 34*x + 120. Calculate the remainder when 428 is divided by x.
44
Let d(i) = 11*i - 3. Suppose n + 4 = 3*n. Let m = -11297 - -11542. Calculate the remainder when m is divided by d(n).
17
Let i = -175 - -218. Suppose -i*p + 2964 = -17*p. Let w = 58 + -19. Calculate the remainder when p is divided by w.
36
Suppose 0 = -247*q + 7892 + 4705. What is the remainder when 1211 is divided by q?
38
Suppose 0 = -9*h - 14*h - 6*h + 377. What is the remainder when 9552 is divided by h?
10
Let a be 17 - ((-4)/(-10))/((-2)/(-10)). Let z(g) = g**2 - g. Calculate th